e
Is 59390940 a multiple of 294?
True
Is 2 a factor of 7415761?
False
Does 30 divide 10413300?
True
Does 102 divide 4372027995?
False
Is 684 a factor of 8267292?
False
Is 283300487 a multiple of 3359?
False
Is 385839225 a multiple of 745?
True
Does 15 divide 216193440?
True
Is 8 a factor of 2411644824?
True
Is 1179731411 a multiple of 23?
False
Does 81 divide 8379647?
False
Is 1141 a factor of 82620937?
False
Is 1393443680 a multiple of 8?
True
Is 46 a factor of 14829940?
True
Is 469690141 a multiple of 121?
False
Is 50 a factor of 354952050?
True
Is 3105931146 a multiple of 9?
False
Is 2958 a factor of 849117564?
True
Is 686234112 a multiple of 1617?
False
Does 339 divide 417041529?
True
Is 1394371 a multiple of 508?
False
Is 1496590171 a multiple of 31?
False
Is 31094532 a multiple of 18?
True
Does 507 divide 1013808861?
True
Is 26566000 a multiple of 12?
False
Is 2625307 a multiple of 85?
False
Is 9 a factor of 34902666?
True
Is 7 a factor of 52654259?
True
Is 74871152 a multiple of 5227?
False
Does 32 divide 4096928?
True
Is 357 a factor of 2379073635?
False
Is 73829907 a multiple of 42?
False
Does 27 divide 33327666?
True
Does 7508 divide 1480802840?
True
Is 25203374 a multiple of 658?
True
Does 29 divide 232231038?
False
Is 39191510 a multiple of 73?
True
Is 5661210 a multiple of 3?
True
Is 27 a factor of 14070483?
True
Is 925 a factor of 115521511?
False
Is 69068360 a multiple of 941?
False
Is 343188197 a multiple of 827?
False
Is 236610085 a multiple of 31?
False
Does 25 divide 164038477?
False
Is 13 a factor of 4424797?
True
Is 139323944 a multiple of 8?
True
Is 2476694 a multiple of 2?
True
Is 118386400 a multiple of 25?
True
Does 19 divide 154478607?
True
Is 79817861 a multiple of 1088?
False
Does 4 divide 9293728?
True
Is 2075255099 a multiple of 452?
False
Is 865 a factor of 6315135?
False
Does 1580 divide 759867820?
True
Does 1540 divide 2440916940?
True
Is 201939733 a multiple of 9?
False
Is 34 a factor of 27338754?
True
Does 2213 divide 86506170?
True
Does 237 divide 13161806?
False
Does 10 divide 2214977440?
True
Is 987 a factor of 33894320?
False
Is 354 a factor of 221531784?
True
Does 404 divide 31342656?
False
Is 33773720 a multiple of 358?
True
Is 17435151 a multiple of 312?
False
Is 27 a factor of 66643560?
True
Is 4255172 a multiple of 26?
False
Is 1733827503 a multiple of 23?
False
Is 159 a factor of 2339577727?
False
Is 2159254742 a multiple of 59?
True
Is 6339759 a multiple of 2399?
False
Is 1384709560 a multiple of 256?
False
Does 434 divide 37170461?
False
Is 404014746 a multiple of 1919?
True
Does 38 divide 2468038?
False
Is 76128064 a multiple of 124?
True
Does 818 divide 352270064?
True
Does 912 divide 32520013?
False
Is 54 a factor of 5727510?
True
Is 3763920 a multiple of 89?
False
Is 1332011586 a multiple of 70?
False
Is 314 a factor of 19362297?
False
Does 2 divide 407918344?
True
Is 17847417 a multiple of 49?
True
Is 632346365 a multiple of 595?
True
Does 32 divide 18399584?
True
Is 1403 a factor of 2356592715?
False
Is 212 a factor of 1037104?
True
Does 373 divide 117861286?
True
Is 2163627328 a multiple of 28?
False
Is 422654132 a multiple of 8?
False
Does 13 divide 504227667?
False
Is 1279445878 a multiple of 10348?
False
Is 586811309 a multiple of 47?
True
Is 5471519292 a multiple of 12?
True
Is 190883766 a multiple of 937?
True
Does 2023 divide 2710049043?
False
Is 984 a factor of 97389432?
True
Is 1103 a factor of 120521501?
True
Is 18 a factor of 417404052?
True
Does 399 divide 4743473?
False
Is 1867 a factor of 656136613?
True
Is 105 a factor of 231750368?
False
Is 125 a factor of 2271860610?
False
Is 823098752 a multiple of 3060?
False
Is 8 a factor of 50568270?
False
Is 20 a factor of 73695740?
True
Is 133 a factor of 2303052199?
False
Does 6 divide 5702914?
False
Is 5 a factor of 539629210?
True
Does 20 divide 130338760?
True
Is 1210488476 a multiple of 5395?
False
Is 36 a factor of 85169592?
True
Is 508 a factor of 220482160?
True
Is 19 a factor of 1952270216?
True
Does 29 divide 151576968?
True
Does 156 divide 28439919?
False
Does 2842 divide 21960134?
True
Does 62 divide 174297500?
True
Does 69 divide 276619083?
False
Is 626972987 a multiple of 15?
False
Does 69 divide 442286274?
True
Is 187 a factor of 12167183?
False
Does 21 divide 20709409?
False
Does 42 divide 15032066?
False
Is 1630 a factor of 39687240?
True
Is 898993303 a multiple of 12?
False
Does 851 divide 1828910720?
False
Is 4 a factor of 273932490?
False
Is 1448354426 a multiple of 146?
False
Does 61 divide 444843266?
False
Is 454087296 a multiple of 3984?
False
Does 2160 divide 7568640?
True
Is 104 a factor of 570304696?
True
Is 2361 a factor of 82225481?
False
Does 71 divide 969027810?
False
Does 125 divide 186402018?
False
Does 18 divide 225005?
False
Is 31 a factor of 82226694?
True
Does 514 divide 237854036?
False
Is 34906497 a multiple of 601?
False
Is 95537149 a multiple of 1501?
True
Does 1686 divide 579004253?
False
Does 8 divide 311305312?
True
Is 1628 a factor of 93216024?
True
Is 2070 a factor of 1225262742?
False
Is 14922999 a multiple of 1781?
True
Does 3306 divide 272308608?
True
Is 31 a factor of 290402730?
True
Is 545 a factor of 13606470?
True
Is 7 a factor of 425042107?
True
Is 12073860 a multiple of 771?
True
Is 12069456 a multiple of 238?
True
Does 35 divide 24505325?
False
Is 536 a factor of 314143168?
True
Is 152086165 a multiple of 71?
False
Does 8 divide 104783608?
True
Is 1745865198 a multiple of 378?
True
Does 3 divide 48810294?
True
Does 27 divide 1585352250?
True
Is 18534979 a multiple of 83?
True
Does 106 divide 693400908?
True
Is 6167920 a multiple of 44?
True
Is 8 a factor of 2668656?
True
Is 57290800 a multiple of 350?
True
Is 3 a factor of 540207?
True
Is 26 a factor of 16233037?
False
Is 11008654 a multiple of 630?
False
Is 21 a factor of 26943798?
True
Does 76 divide 842326?
False
Is 124 a factor of 39922499?
False
Is 305616224 a multiple of 34?
False
Is 8627229 a multiple of 19?
False
Is 2230415095 a multiple of 7465?
True
Does 1426 divide 178087436?
True
Does 3675 divide 1199680897?
False
Is 627 a factor of 12477143?
False
Does 2047 divide 984768777?
False
Does 19 divide 14180954?
True
Does 6 divide 28843794?
True
Is 12 a factor of 44969029?
False
Is 1058715499 a multiple of 21?
False
Is 13 a factor of 34009287?
True
Is 1223 a factor of 229138499?
False
Is 4269978 a multiple of 48?
False
Does 12 divide 192931260?
True
Does 1262 divide 256714778?
True
Does 476 divide 126644507?
False
Is 112 a factor of 54008553?
False
Is 23 a factor of 243265093?
False
Is 65 a factor of 12087595?
True
Is 11 a factor of 9462398?
True
Does 39 divide 10824385?
False
Is 275568647 a multiple of 14?
False
Does 29 divide 952767508?
True
Is 11198009 a multiple of 11?
False
Is 790010 a multiple of 2?
True
Is 14463527 a multiple of 13?
True
Is 172 a factor of 8952199?
False
Does 14 divide 36762950?
True
Does 2271 divide 358495459?
False
Is 561 a factor of 286968330?
True
Is 19 a factor of 2470786840?
False
Is 247 a factor of 77035728?
False
Is 118611572 a multiple of 122?
True
Is 73 a factor of 737829196?
False
Does 828 divide 145712293?
False
Does 3 divide 57659662?
False
Does 36 divide 24988464?
True
Is 56 a factor of 34120856?
True
Is 2 a factor of 63964345?
False
Does 968 divide 706183104?
True
Does 131 divide 109992709?
True
Does 101 divide 379983715?
True
Is 1249483786 a multiple of 112?
False
Is 140 a factor of 76677715?
False
Does 1028 divide 210667995?
False
Is 897171095 a multiple of 57?
False
Is 606748505 a multiple of 47?
False
Is 1204 a factor of 47551980?
True
Is 1453778763 a multiple of 85?
False
Is 547 a factor of 66520123?
True
Is 1033773640 a multiple of 23?
True
Is 54806883 a multiple of 3674?
False
Is 3926 a factor of 1614889450?
False
Is 194 a factor of 491068931?
False
Is 60 a factor of 238490040?
True
Is 398415948 a multiple of 1236?
True
Is 150 a factor of 5712150?
True
Is 706 a factor of 51737798?
True
Does 79 divide 2431756911?
False
Is 30956945 a multiple of 411?
False
Is 804 a factor of 32289444?
True
Does 1710 divide 239495760?
True
Is 78 a factor of 367716726?
True
Does 2 divide 550040569?
False
Is 19864350 a multiple of 99?
True
Is 3 a factor of 230559050?
False
Is 344749028 a multiple 